of 81?
True
Is 18 a factor of 10259?
False
Does 9 divide 765?
True
Does 33 divide 57090?
True
Is 60 a factor of 207?
False
Is 346 a multiple of 30?
False
Does 18 divide 52506?
True
Is 643 a multiple of 45?
False
Does 48 divide 576?
True
Is 14 a factor of 1148?
True
Is 1190 a multiple of 70?
True
Is 53 a factor of 3339?
True
Does 7 divide 203?
True
Is 29415 a multiple of 118?
False
Is 40 a multiple of 24?
False
Is 13 a factor of 2054?
True
Is 25369 a multiple of 3?
False
Is 168 a multiple of 7?
True
Does 18 divide 379?
False
Is 58 a factor of 1160?
True
Is 23 a factor of 91187?
False
Does 56 divide 10848?
False
Is 5 a factor of 64830?
True
Does 34 divide 544?
True
Does 25 divide 86?
False
Is 13 a factor of 33397?
True
Is 8 a factor of 1717?
False
Does 13 divide 5577?
True
Is 8 a factor of 28248?
True
Is 15 a factor of 28437?
False
Does 15 divide 30105?
True
Is 17 a factor of 1082?
False
Does 31 divide 2980?
False
Is 7 a factor of 14086?
False
Does 43 divide 1205?
False
Does 133 divide 5741?
False
Does 3 divide 996?
True
Is 200 a multiple of 8?
True
Does 79 divide 19494?
False
Is 72 a factor of 361?
False
Is 453 a multiple of 10?
False
Is 25 a factor of 12784?
False
Does 61 divide 167?
False
Is 30 a factor of 285?
False
Is 10 a factor of 710?
True
Is 7545 a multiple of 9?
False
Does 186 divide 15996?
True
Is 104 a multiple of 13?
True
Is 32 a factor of 3888?
False
Is 18 a factor of 450?
True
Is 74722 a multiple of 212?
False
Does 12 divide 3788?
False
Is 203 a factor of 17835?
False
Does 30 divide 2100?
True
Does 78 divide 615?
False
Is 40 a factor of 301?
False
Is 8084 a multiple of 8?
False
Is 53 a factor of 6360?
True
Does 5 divide 5157?
False
Is 193 a factor of 26248?
True
Is 21 a factor of 6636?
True
Is 170 a factor of 82677?
False
Is 4 a factor of 12?
True
Is 3 a factor of 170?
False
Is 33968 a multiple of 88?
True
Does 6 divide 940?
False
Does 60 divide 660?
True
Does 175 divide 5950?
True
Is 8358 a multiple of 6?
True
Is 85 a factor of 28050?
True
Is 1845 a multiple of 15?
True
Is 106 a factor of 4452?
True
Is 29 a factor of 49498?
False
Is 2275 a multiple of 16?
False
Is 1482 a multiple of 114?
True
Is 29 a factor of 667?
True
Does 11 divide 4818?
True
Does 50 divide 500?
True
Does 50 divide 22831?
False
Is 49521 a multiple of 12?
False
Does 20 divide 3120?
True
Does 30 divide 34?
False
Is 2797 a multiple of 21?
False
Is 36 a factor of 144?
True
Does 35 divide 350?
True
Does 5 divide 2087?
False
Is 32200 a multiple of 280?
True
Is 38 a factor of 228?
True
Does 127 divide 36014?
False
Does 119 divide 27608?
True
Is 21868 a multiple of 100?
False
Is 103 a factor of 1072?
False
Does 97 divide 388?
True
Is 1804 a multiple of 41?
True
Is 2 a factor of 3180?
True
Is 767 a multiple of 36?
False
Is 110 a multiple of 11?
True
Does 96 divide 397?
False
Is 517 a multiple of 9?
False
Does 19 divide 8512?
True
Is 17 a factor of 272?
True
Is 9 a factor of 547?
False
Is 3 a factor of 1829?
False
Is 11 a factor of 165?
True
Does 37 divide 222?
True
Does 2 divide 308?
True
Is 8 a factor of 8038?
False
Does 31 divide 12787?
False
Is 1227 a multiple of 48?
False
Is 55 a factor of 4400?
True
Is 1575 a multiple of 11?
False
Does 7 divide 26159?
True
Is 129 a multiple of 3?
True
Does 92 divide 21344?
True
Does 13 divide 299?
True
Is 3235 a multiple of 38?
False
Does 16 divide 53296?
True
Is 375 a multiple of 2?
False
Is 729 a multiple of 4?
False
Is 234 a factor of 8420?
False
Is 400 a multiple of 10?
True
Does 41 divide 9061?
True
Is 30 a factor of 2730?
True
Is 978 a multiple of 7?
False
Is 2840 a multiple of 6?
False
Is 1019 a multiple of 115?
False
Does 11 divide 22065?
False
Is 31 a factor of 29636?
True
Is 14 a factor of 26516?
True
Is 432 a multiple of 16?
True
Does 48 divide 27744?
True
Does 34 divide 9254?
False
Does 16 divide 162?
False
Is 29 a factor of 10121?
True
Is 46 a factor of 523?
False
Is 9 a factor of 12951?
True
Is 237 even?
False
Is 46 a factor of 22586?
True
Does 383 divide 48232?
False
Is 236 a factor of 69148?
True
Does 42 divide 2812?
False
Is 7475 a multiple of 115?
True
Is 754 a multiple of 51?
False
Is 1037 a multiple of 81?
False
Does 71 divide 6493?
False
Is 13 a factor of 390?
True
Is 89 a factor of 38435?
False
Does 18 divide 48409?
False
Is 50 a factor of 31250?
True
Is 1468 a multiple of 4?
True
Is 1230 a multiple of 10?
True
Is 4944 a multiple of 16?
True
Is 184392 a multiple of 18?
True
Does 3 divide 79?
False
Is 3624 a multiple of 8?
True
Does 26 divide 4888?
True
Is 23459 even?
False
Does 18 divide 810?
True
Is 5628 a multiple of 2?
True
Is 5822 a multiple of 12?
False
Does 8 divide 384?
True
Does 4 divide 52?
True
Does 28 divide 1796?
False
Is 14355 a multiple of 9?
True
Is 6 a factor of 23994?
True
Is 89 a multiple of 2?
False
Is 15030 a multiple of 6?
True
Is 2744 a multiple of 8?
True
Is 164 a factor of 130380?
True
Is 22 a factor of 26246?
True
Is 3320 a multiple of 10?
True
Is 245 a factor of 111475?
True
Does 35 divide 46305?
True
Is 475 a multiple of 25?
True
Is 19 a factor of 728?
False
Is 11 a factor of 1559?
False
Is 5 a factor of 8014?
False
Does 3 divide 88?
False
Is 1140 a multiple of 20?
True
Does 33 divide 109131?
True
Is 7 a factor of 434?
True
Is 2275 a multiple of 25?
True
Does 27 divide 2592?
True
Is 11878 a multiple of 25?
False
Is 1374 a multiple of 6?
True
Is 249 a factor of 34345?
False
Is 7 a factor of 4541?
False
Is 63726 a multiple of 13?
True
Is 10371 a multiple of 109?
False
Is 64 a factor of 20394?
False
Is 13 a factor of 1859?
True
Is 568 even?
True
Does 11 divide 110?
True
Is 270 a multiple of 54?
True
Is 687 a multiple of 8?
False
Does 22 divide 2134?
True
Is 15 a multiple of 5?
True
Does 25 divide 800?
True
Is 35 a factor of 560?
True
Is 2212 a multiple of 3?
False
Is 50240 a multiple of 160?
True
Is 40 a factor of 280?
True
Is 33 a factor of 561?
True
Is 22 a factor of 1232?
True
Does 32 divide 94324?
False
Does 28 divide 2660?
True
Is 20 a factor of 482?
False
Is 15 a factor of 2520?
True
Is 10725 a multiple of 55?
True
Is 9803 a multiple of 22?
False
Is 10 even?
True
Is 23 a factor of 16445?
True
Does 116 divide 17748?
True
Does 11 divide 1419?
True
Is 46 a factor of 20147?
False
Is 24 a factor of 1200?
True
Is 119 a factor of 42840?
True
Does 28 divide 690?
False
Does 26 divide 5902?
True
Is 850 a multiple of 50?
True
Is 34 a factor of 54768?
False
Is 3 a factor of 4367?
False
Is 270 a factor of 39480?
False
Is 20286 a multiple of 45?
False
Does 16 divide 6560?
True
Is 389 a factor of 53293?
True
Is 21 a factor of 37374?
False
Is 9 a factor of 5928?
False
Does 24 divide 14928?
True
Is 672 a multiple of 4?
True
Is 78 a factor of 96?
False
Is 29 a factor of 483?
False
Is 5822 a multiple of 41?
True
Is 462 a multiple of 42?
True
Does 4 divide 108?
True
Is 15670 a multiple of 125?
False
Does 11 divide 41470?
True
Does 22 divide 4493?
False
Does 8 divide 2152?
True
Is 75 even?
False
Does 14 divide 2196?
False
Is 59 a factor of 5546?
True
Is 132 a multiple of 12?
True
Is 48 a factor of 1629?
False
Is 1481 a multiple of 7?
False
Is 39760 a multiple of 56?
True
Is 649 a multiple of 26?
False
Is 30261 a multiple of 45?
False
Is 6 a factor of 8346?
True
Is 20 a factor of 3240?
True
Is 2320 a multiple of 10?
True
Is 3906 a multiple of 42?
True
Does 199 divide 19790?
False
Is 128 a multiple of 21?
False
Is 16 a factor of 1328?
True
Is 1775 a multiple of 9?
False
Is 110 a factor of 8620?
False
Is 5030 a multiple of 3?
False
Is 6992 a multiple of 92?
True
Does 4 divide 232?
True
Is 27 a factor of 3409?
False
Is 13 a factor of 533?
True
Is 862 a multiple of 39?
False
Is 9468 a multiple of 36?
True
Does 12 divide 39012?
True
Is 1741 a multiple of 85?
False
Does 5 divide 31451?
False
Is 47 a factor of 14429?
True
Does 21 divide 4635?
False
Is 31 a factor of 36617?
False
Is 62 a factor of 107?
False
Is 12 a factor of 3240?
True
Is 6698 a multiple of 34?
True
Does 17 divide 70236?
False
Is 252 a multiple of 4?
True
Is 447 a multiple of 24?
False
Is 8 a factor of 2152?
True
Does 4 divide 273?
False
Is 76 a factor of 2065?
False
Is 33608 a multiple of 45?
False
Is 287 a factor of 31830?
False
Is 69 a factor of 86185?
False
Is 160 a factor of 15200?
True
Is 234 a multiple of 9?
True
Is 35 a factor o